{"version":"1.0","provider_name":"Oncovitta","provider_url":"https:\/\/oncovitta.com.br","author_name":"hudson","author_url":"https:\/\/oncovitta.com.br\/index.php\/author\/hudson\/","title":"Calor: Cuidados especiais para Crian\u00e7as - Oncovitta","type":"rich","width":600,"height":338,"html":"<blockquote class=\"wp-embedded-content\" data-secret=\"vGNG1tySHu\"><a href=\"https:\/\/oncovitta.com.br\/index.php\/2023\/11\/21\/calor-cuidados-especiais-para-criancas\/\">Calor: Cuidados especiais para Crian\u00e7as<\/a><\/blockquote><iframe sandbox=\"allow-scripts\" security=\"restricted\" src=\"https:\/\/oncovitta.com.br\/index.php\/2023\/11\/21\/calor-cuidados-especiais-para-criancas\/embed\/#?secret=vGNG1tySHu\" width=\"600\" height=\"338\" title=\"&#8220;Calor: Cuidados especiais para Crian\u00e7as&#8221; &#8212; Oncovitta\" data-secret=\"vGNG1tySHu\" frameborder=\"0\" marginwidth=\"0\" marginheight=\"0\" scrolling=\"no\" class=\"wp-embedded-content\"><\/iframe><script>\n\/*! This file is auto-generated *\/\n!function(d,l){\"use strict\";l.querySelector&&d.addEventListener&&\"undefined\"!=typeof URL&&(d.wp=d.wp||{},d.wp.receiveEmbedMessage||(d.wp.receiveEmbedMessage=function(e){var t=e.data;if((t||t.secret||t.message||t.value)&&!\/[^a-zA-Z0-9]\/.test(t.secret)){for(var s,r,n,a=l.querySelectorAll('iframe[data-secret=\"'+t.secret+'\"]'),o=l.querySelectorAll('blockquote[data-secret=\"'+t.secret+'\"]'),c=new RegExp(\"^https?:$\",\"i\"),i=0;i<o.length;i++)o[i].style.display=\"none\";for(i=0;i<a.length;i++)s=a[i],e.source===s.contentWindow&&(s.removeAttribute(\"style\"),\"height\"===t.message?(1e3<(r=parseInt(t.value,10))?r=1e3:~~r<200&&(r=200),s.height=r):\"link\"===t.message&&(r=new URL(s.getAttribute(\"src\")),n=new URL(t.value),c.test(n.protocol))&&n.host===r.host&&l.activeElement===s&&(d.top.location.href=t.value))}},d.addEventListener(\"message\",d.wp.receiveEmbedMessage,!1),l.addEventListener(\"DOMContentLoaded\",function(){for(var e,t,s=l.querySelectorAll(\"iframe.wp-embedded-content\"),r=0;r<s.length;r++)(t=(e=s[r]).getAttribute(\"data-secret\"))||(t=Math.random().toString(36).substring(2,12),e.src+=\"#?secret=\"+t,e.setAttribute(\"data-secret\",t)),e.contentWindow.postMessage({message:\"ready\",secret:t},\"*\")},!1)))}(window,document);\n<\/script>\n","thumbnail_url":"https:\/\/oncovitta.com.br\/wp-content\/uploads\/2023\/11\/Design-sem-nome-58.png","thumbnail_width":1080,"thumbnail_height":1080,"description":"O calor intenso que estamos experimentando n\u00e3o \u00e9 apenas desconfort\u00e1vel, mas tamb\u00e9m representa um desafio especial para as crian\u00e7as e beb\u00eas. O pediatra Dr. Renato Hideki Yamada, da OncoVitta, alerta para os riscos de desidrata\u00e7\u00e3o e insola\u00e7\u00e3o nesses dias mais quentes e compartilha valiosas dicas para garantir o bem-estar dos pequenos. Escolha Alimentos Adequados: Evitar alimentos que possam causar alergias ou s\u00edndromes diarreicas \u00e9 crucial, especialmente em dias mais quentes. O calor, por si s\u00f3, pode predispor \u00e0 desidrata\u00e7\u00e3o, e uma dieta inadequada pode agravar ainda mais essa condi\u00e7\u00e3o. Prote\u00e7\u00e3o Solar Di\u00e1ria: O uso do protetor solar \u00e9 essencial, mesmo em ambientes fechados, como na escola. Seguir as recomenda\u00e7\u00f5es espec\u00edficas para cada faixa et\u00e1ria garante uma prote\u00e7\u00e3o eficaz. Evitar Mudan\u00e7as Bruscas de Temperatura: Embora nem sempre seja poss\u00edvel evitar mudan\u00e7as de temperatura, \u00e9 ideal manter as crian\u00e7as em locais mais frescos, fora da exposi\u00e7\u00e3o direta aos raios solares, especialmente entre as 10h e as 16h. Cautela em Ambientes Recreativos: Com o aumento da frequ\u00eancia das fam\u00edlias em ambientes como praia, parques e piscinas, a aten\u00e7\u00e3o deve ser redobrada. Nessas \u00e1reas, as crian\u00e7as est\u00e3o mais propensas a acidentes, como afogamentos e traumatismos. Hidrata\u00e7\u00e3o Adequada: Oferecer \u00e1gua de acordo com o peso e a faixa et\u00e1ria da crian\u00e7a \u00e9 fundamental. As recomenda\u00e7\u00f5es da Sociedade Brasileira de Pediatria para a quantidade di\u00e1ria variam conforme a idade, esta\u00e7\u00e3o do ano, pr\u00e1tica de atividade f\u00edsica e alimenta\u00e7\u00e3o. Enfrentar o calor com crian\u00e7as exige uma abordagem cuidadosa e proativa. Ao seguir essas dicas valiosas, garantimos n\u00e3o apenas a divers\u00e3o segura nos dias quentes, mas tamb\u00e9m promovemos a sa\u00fade e o bem-estar cont\u00ednuos dos nossos pequenos. Proteg\u00ea-los do calor n\u00e3o \u00e9 apenas uma medida preventiva, mas um ato de amor e responsabilidade."}

Calor: Cuidados especiais para Crianças - Oncovitta

<blockquote class="wp-embedded-content" data-secret="vGNG1tySHu"><a href="https://oncovitta.com.br/index.php/2023/11/21/calor-cuidados-especiais-para-criancas/">Calor: Cuidados especiais para Crianças</a></blockquote><iframe sandbox="allow-scripts" security="restricted" src="https://oncovitta.com.br/index.php/2023/11/21/calor-cuidados-especiais-para-criancas/embed/#?secret=vGNG1tySHu" width="600" height="338" title="&#8220;Calor: Cuidados especiais para Crianças&#8221; &#8212; Oncovitta" data-secret="vGNG1tySHu" frameborder="0" marginwidth="0" marginheight="0" scrolling="no" class="wp-embedded-content"></iframe><script>
/*! This file is auto-generated */
!function(d,l){"use strict";l.querySelector&&d.addEventListener&&"undefined"!=typeof URL&&(d.wp=d.wp||{},d.wp.receiveEmbedMessage||(d.wp.receiveEmbedMessage=function(e){var t=e.data;if((t||t.secret||t.message||t.value)&&!/[^a-zA-Z0-9]/.test(t.secret)){for(var s,r,n,a=l.querySelectorAll('iframe[data-secret="'+t.secret+'"]'),o=l.querySelectorAll('blockquote[data-secret="'+t.secret+'"]'),c=new RegExp("^https?:$","i"),i=0;i<o.length;i++)o[i].style.display="none";for(i=0;i<a.length;i++)s=a[i],e.source===s.contentWindow&&(s.removeAttribute("style"),"height"===t.message?(1e3<(r=parseInt(t.value,10))?r=1e3:~~r<200&&(r=200),s.height=r):"link"===t.message&&(r=new URL(s.getAttribute("src")),n=new URL(t.value),c.test(n.protocol))&&n.host===r.host&&l.activeElement===s&&(d.top.location.href=t.value))}},d.addEventListener("message",d.wp.receiveEmbedMessage,!1),l.addEventListener("DOMContentLoaded",function(){for(var e,t,s=l.querySelectorAll("iframe.wp-embedded-content"),r=0;r<s.length;r++)(t=(e=s[r]).getAttribute("data-secret"))||(t=Math.random().toString(36).substring(2,12),e.src+="#?secret="+t,e.setAttribute("data-secret",t)),e.contentWindow.postMessage({message:"ready",secret:t},"*")},!1)))}(window,document);
</script>

O calor intenso que estamos experimentando não é apenas desconfortável, mas também representa um desafio especial para as crianças e bebês. O pediatra Dr. Renato Hideki Yamada, da OncoVitta, alerta para os riscos de desidratação e insolação nesses dias mais quentes e compartilha valiosas dicas para garantir o bem-estar dos pequenos. Escolha Alimentos Adequados: Evitar alimentos que possam causar alergias ou síndromes diarreicas é crucial, especialmente em dias mais quentes. O calor, por si só, pode predispor à desidratação, e uma dieta inadequada pode agravar ainda mais essa condição. Proteção Solar Diária: O uso do protetor solar é essencial, mesmo em ambientes fechados, como na escola. Seguir as recomendações específicas para cada faixa etária garante uma proteção eficaz. Evitar Mudanças Bruscas de Temperatura: Embora nem sempre seja possível evitar mudanças de temperatura, é ideal manter as crianças em locais mais frescos, fora da exposição direta aos raios solares, especialmente entre as 10h e as 16h. Cautela em Ambientes Recreativos: Com o aumento da frequência das famílias em ambientes como praia, parques e piscinas, a atenção deve ser redobrada. Nessas áreas, as crianças estão mais propensas a acidentes, como afogamentos e traumatismos. Hidratação Adequada: Oferecer água de acordo com o peso e a faixa etária da criança é fundamental. As recomendações da Sociedade Brasileira de Pediatria para a quantidade diária variam conforme a idade, estação do ano, prática de atividade física e alimentação. Enfrentar o calor com crianças exige uma abordagem cuidadosa e proativa. Ao seguir essas dicas valiosas, garantimos não apenas a diversão segura nos dias quentes, mas também promovemos a saúde e o bem-estar contínuos dos nossos pequenos. Protegê-los do calor não é apenas uma medida preventiva, mas um ato de amor e responsabilidade.
